termine x(10).
0
Let z(h) = h + 11. Determine z(-11).
0
Let k(j) = -j**2 - 11*j - 3. Give k(0).
-3
Let h(u) = 12*u + 7. Calculate h(2).
31
Let k(m) = 4*m**3 - m**2 - m - 1. Calculate k(-1).
-5
Let k(a) = -a**3 - 32*a**2 - 3*a - 93. Determine k(-32).
3
Let t(u) = u**2 - 2*u - 4. Calculate t(3).
-1
Let g(t) = -t**3 + 8*t**2 - t - 23. Give g(7).
19
Let k(r) = r**3 + 18*r**2 - 19*r - 4. What is k(-19)?
-4
Let i(o) = 34*o - 2. Calculate i(1).
32
Let p(g) = 7*g - 1. Give p(-5).
-36
Let v(u) = -2*u**2 + 11*u - 19. Calculate v(6).
-25
Let a(y) = y**2 - y - 4. What is a(-6)?
38
Let t(n) = -n - 28. Determine t(-14).
-14
Let i(s) = s**3 + 12*s**2 - 13*s - 21. Calculate i(-13).
-21
Let h(k) = -k**3 - 5*k**2 + 17*k + 28. What is h(-7)?
7
Let g(j) = -j**3 + 4*j**2 + 8*j + 14. What is g(6)?
-10
Let p(z) = z**3 + 31*z**2 - 3*z - 80. Calculate p(-31).
13
Let o(y) = -y + 13. Calculate o(4).
9
Let f(q) = -q**3 - 2*q**2 - 12. Calculate f(-3).
-3
Let j(d) = d + 20. Give j(-3).
17
Let r(i) = -2*i**3 + 11*i**2 - 3*i - 4. What is r(5)?
6
Let o(s) = s**2 + 25*s + 59. What is o(-23)?
13
Let n(d) = 2*d - 88. Determine n(44).
0
Let a(l) = l**3 + 10*l**2 + 4*l - 4. Determine a(-9).
41
Let g(y) = -3*y + 24. What is g(-12)?
60
Let b(u) = u**3 - 3*u**2 - 2*u + 18. Give b(3).
12
Let k(f) = 7*f - 74. Determine k(11).
3
Let r(z) = -z - 28. What is r(-6)?
-22
Let y(q) = -3*q**2 + 37*q - 14. Determine y(12).
-2
Let a(q) = -9*q**2 - 2*q + 1. What is a(2)?
-39
Let s(c) = -c**3 - 2*c**2 + 3*c + 1. Determine s(-3).
1
Let w(p) = p**2 + 4*p - 1. Determine w(-4).
-1
Let y(p) = p**3 - 7*p**2 + 11*p - 6. What is y(5)?
-1
Let x(r) = -r**3 - 2*r**2 + 8*r + 18. Give x(-3).
3
Let q(z) = z**2 - 3*z + 5. Determine q(2).
3
Let w(v) = -v - 27. Give w(-21).
-6
Let w(x) = -119*x + 7. Determine w(0).
7
Let n(v) = -3*v**2 - 4*v. Calculate n(-3).
-15
Let o(a) = a**3 + 6*a**2 - 2*a. Determine o(-7).
-35
Let h(v) = v**3 - 8*v**2 + v + 8. Determine h(8).
16
Let m(n) = n**2 + 15*n - 15. Give m(-16).
1
Let b(v) = -v**3 + v**2 - 5*v + 7. Determine b(3).
-26
Let n(l) = l**2 + 9*l + 5. What is n(-13)?
57
Let a(x) = 2*x + 47. What is a(-10)?
27
Let u(z) = 8*z - 11. Calculate u(-9).
-83
Let s(a) = a**2 - 11*a - 42. Give s(13).
-16
Let o(z) = z**2 - 6*z + 2. What is o(7)?
9
Let k(t) = 6*t + 13. Determine k(4).
37
Let q(x) = x + 30. What is q(-10)?
20
Let s(c) = 5*c - 29. Give s(6).
1
Let q(w) = w**2 - 11*w - 32. What is q(12)?
-20
Let p(w) = w - 21. Calculate p(28).
7
Let t(a) = -4*a**2 - 23*a - 2. Give t(-5).
13
Let b(f) = f**3 + 8*f**2 - 2*f + 19. Calculate b(-8).
35
Let m(l) = -34*l - 786. Calculate m(-23).
-4
Let s(l) = 11*l - 2. Give s(-5).
-57
Let o(j) = j**3 - 2*j**2 + 23. Give o(0).
23
Let x(n) = -23*n - 157. Give x(-7).
4
Let v(i) = -i**2 - 4. Give v(5).
-29
Let c(a) = a**2 - 9*a - 118. Determine c(16).
-6
Let g(s) = -s**2 + 8*s - 12. Calculate g(5).
3
Let z(d) = -45*d + 171. Calculate z(4).
-9
Let w(z) = -14*z + 90. What is w(9)?
-36
Let y(a) = 2*a + 91. What is y(-19)?
53
Let h(o) = o**3 + 7*o**2 - 4*o. Give h(-7).
28
Let j(m) = -2*m**3 - 10*m**2 - m + 1. What is j(-5)?
6
Let j(f) = -37*f - 19. What is j(3)?
-130
Let s(r) = r**2 - r - 1. Give s(0).
-1
Let b(k) = -2*k + 6. Calculate b(0).
6
Let b(o) = -o - 11. Calculate b(-6).
-5
Let v(t) = -2*t - 10. Calculate v(-7).
4
Let x(q) = -q + 5. Give x(7).
-2
Let q(x) = x - 5. Give q(-7).
-12
Let f(n) = -n**3 - 3*n**2 + 21*n + 66. Calculate f(-4).
-2
Let m(j) = -j + 3. What is m(-6)?
9
Let v(r) = r**3 - 5*r**2 - 20*r + 4. Determine v(8).
36
Let r(g) = -23*g + 1. Determine r(6).
-137
Let g(b) = b**2 - 11*b + 8. Calculate g(10).
-2
Let l(z) = 5*z**2 + 7*z + 1. Calculate l(-3).
25
Let d(r) = -r**3 + 3*r**2 - 7*r - 7. What is d(-3)?
68
Let c(o) = -2*o + 4. Calculate c(11).
-18
Let m(o) = -3*o**2 - 155*o + 47. What is m(-52)?
-5
Let j(x) = -4*x**3 + 33*x**2 + 6*x - 115. Determine j(8).
-3
Let b(f) = -f**2. What is b(1)?
-1
Let d(i) = i**2 - 14*i + 9. Determine d(8).
-39
Let k(l) = 4*l**2 - 15*l + 24. Determine k(3).
15
Let m(b) = 4*b + 93. Calculate m(-24).
-3
Let q(r) = -r**2 - 25*r + 188. Give q(6).
2
Let h(t) = t**2 - 5*t - 7. Give h(7).
7
Let d(n) = -3*n**2 + 72*n + 81. Determine d(25).
6
Let k(u) = 5*u - 4. Determine k(4).
16
Let t(m) = -m**3 + 8*m**2 + 7*m + 18. What is t(9)?
0
Let h(k) = -k - 8. Calculate h(-9).
1
Let g(m) = -m**3 - 7*m**2 - 5*m + 3. Determine g(-6).
-3
Let z(y) = 2*y + 33. Give z(-12).
9
Let h(n) = -n**3 - 6*n**2 + 4*n + 3. What is h(-5)?
-42
Let x(b) = 11*b + 45. What is x(-4)?
1
Let v(c) = -c**3 + 9*c**2 - 2*c + 12. Give v(9).
-6
Let x(h) = h**2 - 6*h - 2. Determine x(7).
5
Let q(j) = -j**2 - 30*j - 175. Calculate q(-8).
1
Let s(w) = -10*w - 1. Calculate s(-4).
39
Let w(z) = -z**2 - 24*z - 147. What is w(-12)?
-3
Let p(w) = -2*w**3 + 26*w**2 - 24*w - 10. Give p(12).
-10
Let f(v) = 4*v**2 + 3*v + 2. What is f(-2)?
12
Let a(d) = d**2 + 2*d - 22. What is a(0)?
-22
Let d(a) = a**2 + 9*a - 4. Determine d(-5).
-24
Let d(f) = f**3 + 11*f**2 + f + 6. Give d(-11).
-5
Let g(i) = -16*i + 3. Determine g(1).
-13
Let i(l) = l**2 - 9*l + 7. Determine i(8).
-1
Let j(k) = -4*k - 129. Give j(-32).
-1
Let p(j) = -j**2 + 3*j + 6. Determine p(0).
6
Let z(q) = -q**2 - 3*q + 2. What is z(-5)?
-8
Let y(s) = -s**3 - 10*s**2 + s + 13. What is y(-10)?
3
Let g(f) = 2*f**2 - 8*f - 9. What is g(5)?
1
Let h(z) = 12*z + 2. Determine h(1).
14
Let k(i) = -i**3 + 7*i**2 + 12*i - 16. Give k(7).
68
Let g(a) = -a**2 - 7*a - 6. Give g(-6).
0
Let k(w) = -w**3 - 14*w**2 + 6*w + 79. What is k(-14)?
-5
Let v(k) = -k**2 - 3*k + 8. Determine v(-5).
-2
Let v(g) = -g**3 - 5*g**2 - 2*g - 5. Determine v(0).
-5
Let s(a) = 2*a**2 - 6*a - 4. Calculate s(5).
16
Let r(h) = 5*h + 1. Calculate r(-7).
-34
Let v(h) = h**3 + 4*h**2 + h - 5. Determine v(-4).
-9
Let z(v) = -v**3 + 15*v**2 - 13*v - 6. Determine z(14).
8
Let l(g) = -2*g**2 - 14*g + 6. What is l(-10)?
-54
Let y(j) = -j**3 + 4*j**2 + 5*j + 1. Give y(6).
-41
Let y(i) = -8*i + 10. Calculate y(1).
2
Let v(n) = -n**3 + 9*n**2 - 5*n - 8. What is v(8)?
16
Let j(c) = c**2 + 16*c + 52. What is j(-8)?
-12
Let q(g) = -27*g + 16. What is q(2)?
-38
Let x(u) = 25*u - 65. Give x(3).
10
Let h(o) = -2*o - 3. Calculate h(7).
-17
Let m(n) = 2*n**2 - 22*n - 3. Give m(10).
-23
Let o(n) = -3*n + 8. Calculate o(-4).
20
Let a(p) = p**3 + 2*p**2 - 20*p - 46. What is a(-3)?
5
Let t(z) = -z**3 + 20*z**2 + 7*z + 288. What is t(21)?
-6
Let f(d) = 5*d - 11. What is f(8)?
29
Let p(j) = -j**3 + 10*j**2 + 25*j - 13. Give p(12).
-1
Let b(a) = a**3 - 9*a**2 + 7*a + 6. Give b(8).
-2
Let r(s) = -3*s**2 - 9*s - 23. What is r(-5)?
-53
Let o(t) = t**3 + 22*t**2 + 20*t - 27. Give o(-21).
-6
Let t(l) = 105*l**2 + l. Determine t(-1).
104
Let y(k) = k**3 + 3*k. Give y(3).
36
Let j(h) = 6*h - 57. Give j(12).
15
Let j(o) = -o**2 - 9*o + 60. What is j(-14)?
-10
Let t(j) = 6*j**3 + 2*j**2 - j - 1. What is t(1)?
6
Let i(n) = -5*n + 28. Calculate i(4).
8
Let o(q) = -q**3 - 1. Calculate o(-1).
0
Let q(x) = x - 53. What is q(0)?
-53
Let p(x) = -2*x**3 - x**2 - 1. Determine p(3).
-64
Let g(s) = -19*s - 1103. Calculate g(-58).
-1
Let s(k) = -136*k**3 - 3*k**2 - 3*k - 1. What is s(-1)?
135
Let d(w) = w**3 + 2*w**2 - 9*w - 7. Determine d(6).
227
Let x(i) = i + 5. Calculate x(-8).
-3
Let l(r) = r**3 + 6*r**2 - r - 1. Give l(-6).
5
Let u(z) = -z - 4. Calculate u(-5).
1
Let z(v) = -v**2 - 14*v + 304. Determine z(12).
-8
Let t(w) = -w**2 - 6*w - 2. Calculate t(-4).
6
Let q(z) = -7*z**2 - 11*z - 6. Give q(-4).
-74
Let b(r) = 21*r - 584. Calculate b(28).
4
Let a(h) = -4*h - 129. Determine a(-31).
-5
Let o(f) = -2*f**3 - 13*f**2 + 5*f - 22. Calculate o(-7).
-8
Let w(m) = 8*m + 6. What is w(-3)?
-18
Let n(y) = -2*y - 2. Calculate n(10).
-22
Let v(p) = -2*p - 3. What is v(-5)?
7
Let y(t) = 13*t - 43. Determine y(-4).
-95
Let r(n) = -n**2 + n + 25. Determine r(0).
25
Let n(d) = -24*d - 1. Give n(-1).
23
Let k(j) = -2*j + 12. What is k(-15)?
42
Let g(i) = -i**3 - 6*i**2 + 5*i. Determine g(-7).
14
Let l(k) = k**3 - 5*k**2 + 2*k + 1. Give l(3).
-11
Let q(g) = -g**3 + 4*g**2 - 4*g + 5. What is q(4)?
-11
Let p(j) = 4*j**2 - 3*j - 3. What is p(-1)?
4
Let r(k) = 3*k - 7. Give r(11).
26
Let w(h) = -h + 12. Calculate w(8).
4
Let t(v) = v + 45. Determine t(4).
49
Let f(j) = 10*j - 5. Calculate f(5).
45
